{"id":60,"date":"2017-08-15T22:42:06","date_gmt":"2017-08-15T20:42:06","guid":{"rendered":"http:\/\/silawielkichpolakow.pl\/?page_id=60"},"modified":"2017-10-05T12:06:31","modified_gmt":"2017-10-05T10:06:31","slug":"aktualnosci","status":"publish","type":"page","link":"https:\/\/silawielkichpolakow.pl\/index.php\/aktualnosci\/","title":{"rendered":"Aktualno\u015bci"},"content":{"rendered":"<p>[vc_row full_width=&#8221;stretch_row_content_no_spaces&#8221; css=&#8221;.vc_custom_1507197719259{padding-top: 0px !important;}&#8221;][vc_column][vc_single_image image=&#8221;176&#8243; img_size=&#8221;full&#8221; alignment=&#8221;center&#8221;][\/vc_column][\/vc_row][vc_row][vc_column][vc_column_text]<\/p>\n<h2 style=\"text-align: center;\">AKTUALNO\u015aCI<\/h2>\n<p>[\/vc_column_text]<div class=\"column_filters\"><div class=\"blog_wrapper isotope_wrapper clearfix\"><div class=\"posts_group lm_wrapper col-3 photo hide-more\"><div class=\"post-item isotope-item clearfix author-bene-mis-usr post-375 post type-post status-publish format-standard has-post-thumbnail hentry category-aktualnosci\" ><div class=\"date_label\">14 lipca 2019<\/div><div class=\"image_frame post-photo-wrapper scale-with-grid image\"><div class=\"image_wrapper\"><a href=\"https:\/\/silawielkichpolakow.pl\/index.php\/2019\/07\/14\/poswiecenie-pomnika-zalozycielki-m-jadwigi-jozefy-kuleszy-w-otwocku\/\"><div class=\"mask\"><\/div><img width=\"1200\" height=\"480\" src=\"https:\/\/silawielkichpolakow.pl\/wp-content\/uploads\/2019\/07\/DSC_0285-1200x480.jpg\" class=\"scale-with-grid wp-post-image\" alt=\"\" loading=\"lazy\" \/><\/a><div class=\"image_links double\"><a href=\"https:\/\/silawielkichpolakow.pl\/wp-content\/uploads\/2019\/07\/DSC_0285-1024x683.jpg\" class=\"zoom\" rel=\"prettyphoto\"><i class=\"icon-search\"><\/i><\/a><a href=\"https:\/\/silawielkichpolakow.pl\/index.php\/2019\/07\/14\/poswiecenie-pomnika-zalozycielki-m-jadwigi-jozefy-kuleszy-w-otwocku\/\" class=\"link\"><i class=\"icon-link\"><\/i><\/a><\/div><\/div><\/div><div class=\"post-desc-wrapper\"><div class=\"post-desc\"><div class=\"post-head\"><div class=\"post-footer\"><div class=\"button-love\"><span class=\"love-text\">Do you like it?<\/span><a href=\"#\" class=\"mfn-love \" data-id=\"375\"><span class=\"icons-wrapper\"><i class=\"icon-heart-empty-fa\"><\/i><i class=\"icon-heart-fa\"><\/i><\/span><span class=\"label\">0<\/span><\/a><\/div><div class=\"post-links\"><i class=\"icon-doc-text\"><\/i> <a href=\"https:\/\/silawielkichpolakow.pl\/index.php\/2019\/07\/14\/poswiecenie-pomnika-zalozycielki-m-jadwigi-jozefy-kuleszy-w-otwocku\/\" class=\"post-more\">Wi\u0119cej<\/a><\/div><\/div><\/div><div class=\"post-title\"><h2 class=\"entry-title\" itemprop=\"headline\"><a href=\"https:\/\/silawielkichpolakow.pl\/index.php\/2019\/07\/14\/poswiecenie-pomnika-zalozycielki-m-jadwigi-jozefy-kuleszy-w-otwocku\/\">PO\u015aWI\u0118CENIE POMNIKA ZA\u0141O\u017bYCIELKI M. JADWIGI J\u00d3ZEFY KULESZY W OTWOCKU<\/a><\/h2><\/div><div class=\"post-excerpt\">Dzie\u0144 13 lipca 2019 r. obfitowa\u0142 w szczeg\u00f3lne dla naszego Zgromadzenia wydarzenia. Podczas uroczystej Eucharystii w ko\u015bciele p.w. Zes\u0142ania Ducha \u015awi\u0119tego w Otwocku &#8211; sprawowanej pod<span class=\"excerpt-hellip\"> [\u2026]<\/span><\/div><\/div><\/div><\/div><div class=\"post-item isotope-item clearfix no-img author-bene-mis-usr post-371 post type-post status-publish format-standard hentry category-aktualnosci\" ><div class=\"date_label\">16 grudnia 2018<\/div><div class=\"image_frame post-photo-wrapper scale-with-grid image\"><div class=\"image_wrapper\"><\/div><\/div><div class=\"post-desc-wrapper\"><div class=\"post-desc\"><div class=\"post-head\"><div class=\"post-footer\"><div class=\"button-love\"><span class=\"love-text\">Do you like it?<\/span><a href=\"#\" class=\"mfn-love \" data-id=\"371\"><span class=\"icons-wrapper\"><i class=\"icon-heart-empty-fa\"><\/i><i class=\"icon-heart-fa\"><\/i><\/span><span class=\"label\">1<\/span><\/a><\/div><div class=\"post-links\"><i class=\"icon-doc-text\"><\/i> <a href=\"https:\/\/silawielkichpolakow.pl\/index.php\/2018\/12\/16\/sp-s-benedykta-gluszko-z-ukrainy-powrocila-do-domu-ojca\/\" class=\"post-more\">Wi\u0119cej<\/a><\/div><\/div><\/div><div class=\"post-title\"><h2 class=\"entry-title\" itemprop=\"headline\"><a href=\"https:\/\/silawielkichpolakow.pl\/index.php\/2018\/12\/16\/sp-s-benedykta-gluszko-z-ukrainy-powrocila-do-domu-ojca\/\">\u015aP. S. BENEDYKTA G\u0141USZKO z UKRAINY POWR\u00d3CI\u0141A DO DOMU OJCA<\/a><\/h2><\/div><div class=\"post-excerpt\">Dnia 16.12.2018 r.\u00a0o godz.10.45 czasu ukrai\u0144skiego, otoczona modlitw\u0105 i obecno\u015bci\u0105 si\u00f3str ze wsp\u00f3lnoty barskiej, na wieczn\u0105 Uczt\u0119 Chrystusa \u2013 Oblubie\u0144ca\u00a0 w 88 roku \u017cycia po d\u0142ugiej<span class=\"excerpt-hellip\"> [\u2026]<\/span><\/div><\/div><\/div><\/div><div class=\"post-item isotope-item clearfix author-bene-mis-usr post-355 post type-post status-publish format-standard has-post-thumbnail hentry category-aktualnosci\" ><div class=\"date_label\">13 listopada 2018<\/div><div class=\"image_frame post-photo-wrapper scale-with-grid image\"><div class=\"image_wrapper\"><a href=\"https:\/\/silawielkichpolakow.pl\/index.php\/2018\/11\/13\/sila-wielkich-polakow-kwidzyn-benedyktynki-i-przyjaciele-dla-niepodleglej\/\"><div class=\"mask\"><\/div><img width=\"1200\" height=\"480\" src=\"https:\/\/silawielkichpolakow.pl\/wp-content\/uploads\/2018\/11\/IMG_20181111_144048-1200x480.jpg\" class=\"scale-with-grid wp-post-image\" alt=\"\" loading=\"lazy\" \/><\/a><div class=\"image_links double\"><a href=\"https:\/\/silawielkichpolakow.pl\/wp-content\/uploads\/2018\/11\/IMG_20181111_144048-1024x768.jpg\" class=\"zoom\" rel=\"prettyphoto\"><i class=\"icon-search\"><\/i><\/a><a href=\"https:\/\/silawielkichpolakow.pl\/index.php\/2018\/11\/13\/sila-wielkich-polakow-kwidzyn-benedyktynki-i-przyjaciele-dla-niepodleglej\/\" class=\"link\"><i class=\"icon-link\"><\/i><\/a><\/div><\/div><\/div><div class=\"post-desc-wrapper\"><div class=\"post-desc\"><div class=\"post-head\"><div class=\"post-footer\"><div class=\"button-love\"><span class=\"love-text\">Do you like it?<\/span><a href=\"#\" class=\"mfn-love \" data-id=\"355\"><span class=\"icons-wrapper\"><i class=\"icon-heart-empty-fa\"><\/i><i class=\"icon-heart-fa\"><\/i><\/span><span class=\"label\">0<\/span><\/a><\/div><div class=\"post-links\"><i class=\"icon-doc-text\"><\/i> <a href=\"https:\/\/silawielkichpolakow.pl\/index.php\/2018\/11\/13\/sila-wielkich-polakow-kwidzyn-benedyktynki-i-przyjaciele-dla-niepodleglej\/\" class=\"post-more\">Wi\u0119cej<\/a><\/div><\/div><\/div><div class=\"post-title\"><h2 class=\"entry-title\" itemprop=\"headline\"><a href=\"https:\/\/silawielkichpolakow.pl\/index.php\/2018\/11\/13\/sila-wielkich-polakow-kwidzyn-benedyktynki-i-przyjaciele-dla-niepodleglej\/\">SI\u0141A WIELKICH POLAK\u00d3W &#8211; KWIDZYN &#8211; BENEDYKTYNKI I PRZYJACIELE DLA NIEPODLEG\u0141EJ<\/a><\/h2><\/div><div class=\"post-excerpt\">Niew\u0105tpliwie 11-ego listopada bia\u0142o- czerwone flagi powiewa\u0142y w wielu oknach polskich dom\u00f3w, a Hymn Narodowy rozbrzmiewa\u0142 w ca\u0142e naszej Ojczy\u017anie . Zabrzmia\u0142 on r\u00f3wnie\u017c mocnym g\u0142osem<span class=\"excerpt-hellip\"> [\u2026]<\/span><\/div><\/div><\/div><\/div><div class=\"post-item isotope-item clearfix author-bene-mis-usr post-338 post type-post status-publish format-standard has-post-thumbnail hentry category-aktualnosci\" ><div class=\"date_label\">11 listopada 2018<\/div><div class=\"image_frame post-photo-wrapper scale-with-grid image\"><div class=\"image_wrapper\"><a href=\"https:\/\/silawielkichpolakow.pl\/index.php\/2018\/11\/11\/benedyktynki-wspominaja-wielkich-polakow-100-lat-niepodleglej\/\"><div class=\"mask\"><\/div><img width=\"1200\" height=\"480\" src=\"https:\/\/silawielkichpolakow.pl\/wp-content\/uploads\/2018\/11\/IMG-20181111-WA0001-1200x480.jpg\" class=\"scale-with-grid wp-post-image\" alt=\"\" loading=\"lazy\" \/><\/a><div class=\"image_links double\"><a href=\"https:\/\/silawielkichpolakow.pl\/wp-content\/uploads\/2018\/11\/IMG-20181111-WA0001-1024x576.jpg\" class=\"zoom\" rel=\"prettyphoto\"><i class=\"icon-search\"><\/i><\/a><a href=\"https:\/\/silawielkichpolakow.pl\/index.php\/2018\/11\/11\/benedyktynki-wspominaja-wielkich-polakow-100-lat-niepodleglej\/\" class=\"link\"><i class=\"icon-link\"><\/i><\/a><\/div><\/div><\/div><div class=\"post-desc-wrapper\"><div class=\"post-desc\"><div class=\"post-head\"><div class=\"post-footer\"><div class=\"button-love\"><span class=\"love-text\">Do you like it?<\/span><a href=\"#\" class=\"mfn-love \" data-id=\"338\"><span class=\"icons-wrapper\"><i class=\"icon-heart-empty-fa\"><\/i><i class=\"icon-heart-fa\"><\/i><\/span><span class=\"label\">0<\/span><\/a><\/div><div class=\"post-links\"><i class=\"icon-doc-text\"><\/i> <a href=\"https:\/\/silawielkichpolakow.pl\/index.php\/2018\/11\/11\/benedyktynki-wspominaja-wielkich-polakow-100-lat-niepodleglej\/\" class=\"post-more\">Wi\u0119cej<\/a><\/div><\/div><\/div><div class=\"post-title\"><h2 class=\"entry-title\" itemprop=\"headline\"><a href=\"https:\/\/silawielkichpolakow.pl\/index.php\/2018\/11\/11\/benedyktynki-wspominaja-wielkich-polakow-100-lat-niepodleglej\/\">BENEDYKTYNKI WSPOMINAJ\u0104 SI\u0141\u0118 WIELKICH POLAK\u00d3W &#8211; 100 LAT NIEPODLEG\u0141EJ<\/a><\/h2><\/div><div class=\"post-excerpt\">W samo po\u0142udnie 11.11.2018 r. \u2013 punktualnie o godz. 12.00 \u2013 Wsp\u00f3lnota Domu Generalnego w Otwocku\u00a0 od\u015bpiewa\u0142a\u00a0na dziedzi\u0144cu\u00a0Hymn Narodowy\u2013\u00a0 w duchowej \u0142\u0105czno\u015bci z wszystkimi Polakami obecnymi<span class=\"excerpt-hellip\"> [\u2026]<\/span><\/div><\/div><\/div><\/div><div class=\"post-item isotope-item clearfix author-bene-mis-usr post-245 post type-post status-publish format-standard has-post-thumbnail hentry category-aktualnosci\" ><div class=\"date_label\">9 wrze\u015bnia 2018<\/div><div class=\"image_frame post-photo-wrapper scale-with-grid image\"><div class=\"image_wrapper\"><a href=\"https:\/\/silawielkichpolakow.pl\/index.php\/2018\/09\/09\/zakonczenie-roku-jubileuszowego-w-barze-na-ukrainie-24-06-2018-r\/\"><div class=\"mask\"><\/div><img width=\"1200\" height=\"480\" src=\"https:\/\/silawielkichpolakow.pl\/wp-content\/uploads\/2018\/09\/Still0908_00020-1200x480.jpg\" class=\"scale-with-grid wp-post-image\" alt=\"\" loading=\"lazy\" \/><\/a><div class=\"image_links double\"><a href=\"https:\/\/silawielkichpolakow.pl\/wp-content\/uploads\/2018\/09\/Still0908_00020-1024x576.jpg\" class=\"zoom\" rel=\"prettyphoto\"><i class=\"icon-search\"><\/i><\/a><a href=\"https:\/\/silawielkichpolakow.pl\/index.php\/2018\/09\/09\/zakonczenie-roku-jubileuszowego-w-barze-na-ukrainie-24-06-2018-r\/\" class=\"link\"><i class=\"icon-link\"><\/i><\/a><\/div><\/div><\/div><div class=\"post-desc-wrapper\"><div class=\"post-desc\"><div class=\"post-head\"><div class=\"post-footer\"><div class=\"button-love\"><span class=\"love-text\">Do you like it?<\/span><a href=\"#\" class=\"mfn-love \" data-id=\"245\"><span class=\"icons-wrapper\"><i class=\"icon-heart-empty-fa\"><\/i><i class=\"icon-heart-fa\"><\/i><\/span><span class=\"label\">0<\/span><\/a><\/div><div class=\"post-links\"><i class=\"icon-doc-text\"><\/i> <a href=\"https:\/\/silawielkichpolakow.pl\/index.php\/2018\/09\/09\/zakonczenie-roku-jubileuszowego-w-barze-na-ukrainie-24-06-2018-r\/\" class=\"post-more\">Wi\u0119cej<\/a><\/div><\/div><\/div><div class=\"post-title\"><h2 class=\"entry-title\" itemprop=\"headline\"><a href=\"https:\/\/silawielkichpolakow.pl\/index.php\/2018\/09\/09\/zakonczenie-roku-jubileuszowego-w-barze-na-ukrainie-24-06-2018-r\/\">ZAKO\u0143CZENIE ROKU JUBILEUSZOWEGO W BARZE NA UKRAINIE 24.06.2018 r.<\/a><\/h2><\/div><div class=\"post-excerpt\">Dzi\u0119ki \u0142asce Bo\u017cej i ludzkiej \u017cyczliwo\u015bci dobiega ko\u0144ca Rok Jubileuszowy 100-lecia istnienia Zgromadzenia Si\u00f3str Benedyktynek Misjonarek. Ostatnim przystankiem i okazj\u0105 do dzi\u0119kczynienia Bogu za Jego hojne<span class=\"excerpt-hellip\"> [\u2026]<\/span><\/div><\/div><\/div><\/div><div class=\"post-item isotope-item clearfix author-bene-mis-usr post-299 post type-post status-publish format-standard has-post-thumbnail hentry category-aktualnosci\" ><div class=\"date_label\">1 grudnia 2017<\/div><div class=\"image_frame post-photo-wrapper scale-with-grid image\"><div class=\"image_wrapper\"><a href=\"https:\/\/silawielkichpolakow.pl\/index.php\/2017\/12\/01\/wystawa-sila-wielkich-polakow-wedruje-po-ukrainie\/\"><div class=\"mask\"><\/div><img width=\"780\" height=\"480\" src=\"https:\/\/silawielkichpolakow.pl\/wp-content\/uploads\/2018\/09\/IMG-20171205-WA0003-780x480.jpg\" class=\"scale-with-grid wp-post-image\" alt=\"\" loading=\"lazy\" \/><\/a><div class=\"image_links double\"><a href=\"https:\/\/silawielkichpolakow.pl\/wp-content\/uploads\/2018\/09\/IMG-20171205-WA0003-768x1024.jpg\" class=\"zoom\" rel=\"prettyphoto\"><i class=\"icon-search\"><\/i><\/a><a href=\"https:\/\/silawielkichpolakow.pl\/index.php\/2017\/12\/01\/wystawa-sila-wielkich-polakow-wedruje-po-ukrainie\/\" class=\"link\"><i class=\"icon-link\"><\/i><\/a><\/div><\/div><\/div><div class=\"post-desc-wrapper\"><div class=\"post-desc\"><div class=\"post-head\"><div class=\"post-footer\"><div class=\"button-love\"><span class=\"love-text\">Do you like it?<\/span><a href=\"#\" class=\"mfn-love \" data-id=\"299\"><span class=\"icons-wrapper\"><i class=\"icon-heart-empty-fa\"><\/i><i class=\"icon-heart-fa\"><\/i><\/span><span class=\"label\">0<\/span><\/a><\/div><div class=\"post-links\"><i class=\"icon-doc-text\"><\/i> <a href=\"https:\/\/silawielkichpolakow.pl\/index.php\/2017\/12\/01\/wystawa-sila-wielkich-polakow-wedruje-po-ukrainie\/\" class=\"post-more\">Wi\u0119cej<\/a><\/div><\/div><\/div><div class=\"post-title\"><h2 class=\"entry-title\" itemprop=\"headline\"><a href=\"https:\/\/silawielkichpolakow.pl\/index.php\/2017\/12\/01\/wystawa-sila-wielkich-polakow-wedruje-po-ukrainie\/\">WYSTAWA SI\u0141A WIELKICH POLAK\u00d3W W\u0118DRUJE PO UKRAINIE<\/a><\/h2><\/div><div class=\"post-excerpt\">Zar\u00f3wno w Polsce, jak i podczas wydarze\u0144 jubileuszowych na Ukrainie, wraz z Siostrami w\u0119druje nasza wystawa. Cieszymy si\u0119, \u017ce mamy okazj\u0119 prezentowa\u0107 owoce naszych poszukiwa\u0144 nie<span class=\"excerpt-hellip\"> [\u2026]<\/span><\/div><\/div><\/div><\/div><div class=\"post-item isotope-item clearfix author-opt-usr-silawielkichpolakow post-203 post type-post status-publish format-standard has-post-thumbnail hentry category-aktualnosci\" ><div class=\"date_label\">21 listopada 2017<\/div><div class=\"image_frame post-photo-wrapper scale-with-grid image\"><div class=\"image_wrapper\"><a href=\"https:\/\/silawielkichpolakow.pl\/index.php\/2017\/11\/21\/okolicznosciowa-wystawa-wedruje-po-polsce\/\"><div class=\"mask\"><\/div><img width=\"1200\" height=\"480\" src=\"https:\/\/silawielkichpolakow.pl\/wp-content\/uploads\/2017\/11\/IMG_7841-1200x480.jpg\" class=\"scale-with-grid wp-post-image\" alt=\"\" loading=\"lazy\" \/><\/a><div class=\"image_links double\"><a href=\"https:\/\/silawielkichpolakow.pl\/wp-content\/uploads\/2017\/11\/IMG_7841-1024x682.jpg\" class=\"zoom\" rel=\"prettyphoto\"><i class=\"icon-search\"><\/i><\/a><a href=\"https:\/\/silawielkichpolakow.pl\/index.php\/2017\/11\/21\/okolicznosciowa-wystawa-wedruje-po-polsce\/\" class=\"link\"><i class=\"icon-link\"><\/i><\/a><\/div><\/div><\/div><div class=\"post-desc-wrapper\"><div class=\"post-desc\"><div class=\"post-head\"><div class=\"post-footer\"><div class=\"button-love\"><span class=\"love-text\">Do you like it?<\/span><a href=\"#\" class=\"mfn-love \" data-id=\"203\"><span class=\"icons-wrapper\"><i class=\"icon-heart-empty-fa\"><\/i><i class=\"icon-heart-fa\"><\/i><\/span><span class=\"label\">0<\/span><\/a><\/div><div class=\"post-links\"><i class=\"icon-doc-text\"><\/i> <a href=\"https:\/\/silawielkichpolakow.pl\/index.php\/2017\/11\/21\/okolicznosciowa-wystawa-wedruje-po-polsce\/\" class=\"post-more\">Wi\u0119cej<\/a><\/div><\/div><\/div><div class=\"post-title\"><h2 class=\"entry-title\" itemprop=\"headline\"><a href=\"https:\/\/silawielkichpolakow.pl\/index.php\/2017\/11\/21\/okolicznosciowa-wystawa-wedruje-po-polsce\/\">OKOLICZNO\u015aCIOWA WYSTAWA W\u0118DRUJE PO POLSCE<\/a><\/h2><\/div><div class=\"post-excerpt\">OKOLICZNO\u015aCIOWA WYSTAWA W\u0118DRUJE PO POLSCE SI\u0141A WIELKICH POLAK\u00d3W &#8211;\u00a0100 LAT POS\u0141UGI BENEDYKTYNEK MISJONAREK W BUDOWANIU POZYTYWNEGO WIZERUNKU POLSKI NA UKRAINIE Z racji prze\u017cywanej 100.rocznicy powstania Zgromadzenia<span class=\"excerpt-hellip\"> [\u2026]<\/span><\/div><\/div><\/div><\/div><div class=\"post-item isotope-item clearfix no-img author-opt-usr-silawielkichpolakow post-194 post type-post status-publish format-standard hentry category-aktualnosci\" ><div class=\"date_label\">6 pa\u017adziernika 2017<\/div><div class=\"image_frame post-photo-wrapper scale-with-grid image\"><div class=\"image_wrapper\"><\/div><\/div><div class=\"post-desc-wrapper\"><div class=\"post-desc\"><div class=\"post-head\"><div class=\"post-footer\"><div class=\"button-love\"><span class=\"love-text\">Do you like it?<\/span><a href=\"#\" class=\"mfn-love \" data-id=\"194\"><span class=\"icons-wrapper\"><i class=\"icon-heart-empty-fa\"><\/i><i class=\"icon-heart-fa\"><\/i><\/span><span class=\"label\">1<\/span><\/a><\/div><div class=\"post-links\"><i class=\"icon-doc-text\"><\/i> <a href=\"https:\/\/silawielkichpolakow.pl\/index.php\/2017\/10\/06\/zaproszenie-do-obejrzenia-wystawy\/\" class=\"post-more\">Wi\u0119cej<\/a><\/div><\/div><\/div><div class=\"post-title\"><h2 class=\"entry-title\" itemprop=\"headline\"><a href=\"https:\/\/silawielkichpolakow.pl\/index.php\/2017\/10\/06\/zaproszenie-do-obejrzenia-wystawy\/\">ZAPROSZENIE DO OBEJRZENIA WYSTAWY<\/a><\/h2><\/div><div class=\"post-excerpt\">Ju\u017c dzi\u015b pragniemy serdecznie zaprosi\u0107 do zapoznania si\u0119 z histori\u0105 Zgromadzenia &#8211; splecion\u0105 z histori\u0105 Ojczyzny &#8211;\u00a0 i odkrycia niezwyk\u0142ych os\u00f3b zwi\u0105zanych z nasz\u0105 Wsp\u00f3lnot\u0105 zakonn\u0105<span class=\"excerpt-hellip\"> [\u2026]<\/span><\/div><\/div><\/div><\/div><div class=\"post-item isotope-item clearfix author-opt-usr-silawielkichpolakow post-172 post type-post status-publish format-video hentry category-aktualnosci post_format-post-format-video\" ><div class=\"date_label\">4 pa\u017adziernika 2017<\/div><div class=\"image_frame post-photo-wrapper scale-with-grid video embed\"><div class=\"image_wrapper\"><iframe class=\"scale-with-grid\" src=\"https:\/\/www.youtube.com\/embed\/T7sCM-MJJNI?wmode=opaque\" allowfullscreen><\/iframe>\n<\/div><\/div><div class=\"post-desc-wrapper\"><div class=\"post-desc\"><div class=\"post-head\"><div class=\"post-footer\"><div class=\"button-love\"><span class=\"love-text\">Do you like it?<\/span><a href=\"#\" class=\"mfn-love \" data-id=\"172\"><span class=\"icons-wrapper\"><i class=\"icon-heart-empty-fa\"><\/i><i class=\"icon-heart-fa\"><\/i><\/span><span class=\"label\">0<\/span><\/a><\/div><div class=\"post-links\"><i class=\"icon-doc-text\"><\/i> <a href=\"https:\/\/silawielkichpolakow.pl\/index.php\/2017\/10\/04\/o-jubileuszu-w-lucku-i-owocach-poszukiwan-archiwalnych-opowiada-s-augustyna-czeczelnicka-osb\/\" class=\"post-more\">Wi\u0119cej<\/a><\/div><\/div><\/div><div class=\"post-title\"><h2 class=\"entry-title\" itemprop=\"headline\"><a href=\"https:\/\/silawielkichpolakow.pl\/index.php\/2017\/10\/04\/o-jubileuszu-w-lucku-i-owocach-poszukiwan-archiwalnych-opowiada-s-augustyna-czeczelnicka-osb\/\">O JUBILEUSZU W \u0141UCKU I OWOCACH POSZUKIWA\u0143 ARCHIWALNYCH OPOWIADA S. AUGUSTYNA CZECZELNICKA OSB<\/a><\/h2><\/div><div class=\"post-excerpt\">To dla nas wielka rado\u015b\u0107, \u017ce w \u0141ucku mo\u017cemy wsp\u00f3lnie celebrowa\u0107 100-lecie istnienia naszego Zgromadzenia i opowiedzie\u0107 o owocach naszych poszukiwa\u0144 w ramach projektu SI\u0141A WIELKICH<span class=\"excerpt-hellip\"> [\u2026]<\/span><\/div><\/div><\/div><\/div><div class=\"post-item isotope-item clearfix author-opt-usr-silawielkichpolakow post-170 post type-post status-publish format-video hentry category-aktualnosci post_format-post-format-video\" ><div class=\"date_label\">4 pa\u017adziernika 2017<\/div><div class=\"image_frame post-photo-wrapper scale-with-grid video embed\"><div class=\"image_wrapper\"><iframe class=\"scale-with-grid\" src=\"https:\/\/www.youtube.com\/embed\/nm2YRp5h7bs?wmode=opaque\" allowfullscreen><\/iframe>\n<\/div><\/div><div class=\"post-desc-wrapper\"><div class=\"post-desc\"><div class=\"post-head\"><div class=\"post-footer\"><div class=\"button-love\"><span class=\"love-text\">Do you like it?<\/span><a href=\"#\" class=\"mfn-love \" data-id=\"170\"><span class=\"icons-wrapper\"><i class=\"icon-heart-empty-fa\"><\/i><i class=\"icon-heart-fa\"><\/i><\/span><span class=\"label\">0<\/span><\/a><\/div><div class=\"post-links\"><i class=\"icon-doc-text\"><\/i> <a href=\"https:\/\/silawielkichpolakow.pl\/index.php\/2017\/10\/04\/slowo-m-marceliny-kusmierz-osb-w-drodze-do-teresinka-i-na-dawny-cmentarz-w-lucku\/\" class=\"post-more\">Wi\u0119cej<\/a><\/div><\/div><\/div><div class=\"post-title\"><h2 class=\"entry-title\" itemprop=\"headline\"><a href=\"https:\/\/silawielkichpolakow.pl\/index.php\/2017\/10\/04\/slowo-m-marceliny-kusmierz-osb-w-drodze-do-teresinka-i-na-dawny-cmentarz-w-lucku\/\">S\u0141OWO M. MARCELINY KU\u015aMIERZ OSB W DRODZE DO TERESINKA I NA DAWNY CMENTARZ W \u0141UCKU<\/a><\/h2><\/div><div class=\"post-excerpt\">Tu\u017c po uroczystej liturgii sprawowanej w katedrze \u0142uckiej udali\u015bmy si\u0119 z wizyt\u0105 do naszego domu &#8211; Teresinka. Tu\u017c po nawiedzeniu tego wa\u017cnego dla nas miejsca nasze<span class=\"excerpt-hellip\"> [\u2026]<\/span><\/div><\/div><\/div><\/div><\/div><\/div>\n<\/div>\n[\/vc_column][\/vc_row]<\/p>\n","protected":false},"excerpt":{"rendered":"<p>[vc_row full_width=&#8221;stretch_row_content_no_spaces&#8221; css=&#8221;.vc_custom_1507197719259{padding-top: 0px !important;}&#8221;][vc_column][vc_single_image image=&#8221;176&#8243; img_size=&#8221;full&#8221; alignment=&#8221;center&#8221;][\/vc_column][\/vc_row][vc_row][vc_column][vc_column_text] AKTUALNO\u015aCI [\/vc_column_text][\/vc_column][\/vc_row]<\/p>\n","protected":false},"author":1,"featured_media":0,"parent":0,"menu_order":0,"comment_status":"closed","ping_status":"closed","template":"","meta":[],"_links":{"self":[{"href":"https:\/\/silawielkichpolakow.pl\/index.php\/wp-json\/wp\/v2\/pages\/60"}],"collection":[{"href":"https:\/\/silawielkichpolakow.pl\/index.php\/wp-json\/wp\/v2\/pages"}],"about":[{"href":"https:\/\/silawielkichpolakow.pl\/index.php\/wp-json\/wp\/v2\/types\/page"}],"author":[{"embeddable":true,"href":"https:\/\/silawielkichpolakow.pl\/index.php\/wp-json\/wp\/v2\/users\/1"}],"replies":[{"embeddable":true,"href":"https:\/\/silawielkichpolakow.pl\/index.php\/wp-json\/wp\/v2\/comments?post=60"}],"version-history":[{"count":19,"href":"https:\/\/silawielkichpolakow.pl\/index.php\/wp-json\/wp\/v2\/pages\/60\/revisions"}],"predecessor-version":[{"id":398,"href":"https:\/\/silawielkichpolakow.pl\/index.php\/wp-json\/wp\/v2\/pages\/60\/revisions\/398"}],"wp:attachment":[{"href":"https:\/\/silawielkichpolakow.pl\/index.php\/wp-json\/wp\/v2\/media?parent=60"}],"curies":[{"name":"wp","href":"https:\/\/api.w.org\/{rel}","templated":true}]}}